{"id":219,"date":"2020-05-12T03:43:04","date_gmt":"2020-05-12T01:43:04","guid":{"rendered":"http:\/\/optimumbilvard.com\/?page_id=219"},"modified":"2026-03-23T19:46:13","modified_gmt":"2026-03-23T18:46:13","slug":"tjanster","status":"publish","type":"page","link":"http:\/\/optimumbilvard.com\/?page_id=219","title":{"rendered":"PRISLISTA"},"content":{"rendered":"\n<div class=\"wp-block-uagb-container uagb-block-c1e2fce7 alignfull uagb-is-root-container\"><div class=\"uagb-container-inner-blocks-wrap\">\n<div class=\"wp-block-uagb-advanced-heading uagb-block-c767fabd\"><h1 class=\"uagb-heading-text\">PRISLISTA<\/h1><\/div>\n<\/div><\/div>\n\n\n\n<div class=\"wp-block-uagb-container uagb-block-610baaad alignfull uagb-is-root-container\"><div class=\"uagb-container-inner-blocks-wrap\">\n<div class=\"wp-block-uagb-container uagb-block-31b295f2\">\n<div class=\"is-layout-flex wp-container-4 wp-block-columns\">\n<div class=\"is-layout-flow wp-block-column\" style=\"flex-basis:100%\">\n<div class=\"is-layout-flex wp-container-2 wp-block-columns\">\n<div class=\"is-layout-flow wp-block-column\" style=\"flex-basis:100%\">\n<div class=\"wp-block-uagb-info-box uagb-block-2a89b7d9 uagb-infobox__content-wrap  uagb-infobox-icon-above-title uagb-infobox-image-valign-top\"><div class=\"uagb-ifb-content\"><div class=\"uagb-ifb-title-wrap\"><h2 class=\"uagb-ifb-title\">Super-erbjudande<\/h2><\/div><p class=\"uagb-ifb-desc\">Super-utv\u00e4ndigt + vaxning (90 min): <strong>750 kr<\/strong><br>Liten rekond + vaxning (120 min): <strong>1100 kr<\/strong><br>Stor rekond + vaxning (150 min): <strong>1300 kr<\/strong><br>Polering + vaxning (150 min): <strong>1500 kr<\/strong><br>D\u00e4ckhotell, f\u00f6rvaring och d\u00e4cktv\u00e4tt: <strong>699 kr<\/strong><br>Utv\u00e4ndigt &amp; inv\u00e4ndigt:<strong> 549 kr<\/strong><\/p><div class=\"uagb-ifb-button-wrapper wp-block-button\"><a href=\"https:\/\/www.timecenter.se\/optimumbilvard\/\" class=\"uagb-infobox-cta-link wp-block-button__link\" target=\"_self\" rel=\"noopener noreferrer\" onclick=\"return true;\" alt=\"\"><span class=\"uagb-inline-editing\">BOKA H\u00c4R<\/span><\/a><\/div><\/div><\/div>\n<\/div>\n<\/div>\n<\/div>\n<\/div>\n<\/div>\n\n\n\n<div class=\"wp-block-uagb-container uagb-block-7db25ae8\">\n<div class=\"wp-block-uagb-image uagb-block-f23a0025 wp-block-uagb-image--layout-default wp-block-uagb-image--effect-static wp-block-uagb-image--align-none\"><figure class=\"wp-block-uagb-image__figure\"><img decoding=\"async\" srcset=\"http:\/\/optimumbilvard.com\/wp-content\/uploads\/2023\/09\/getty-images-8Cxroj1LoaA-unsplash-1024x683.jpg ,http:\/\/optimumbilvard.com\/wp-content\/uploads\/2023\/09\/getty-images-8Cxroj1LoaA-unsplash-scaled.jpg 780w, http:\/\/optimumbilvard.com\/wp-content\/uploads\/2023\/09\/getty-images-8Cxroj1LoaA-unsplash-scaled.jpg 360w\" sizes=\"(max-width: 480px) 150px\" src=\"http:\/\/optimumbilvard.com\/wp-content\/uploads\/2023\/09\/getty-images-8Cxroj1LoaA-unsplash-1024x683.jpg\" alt=\"\" class=\"uag-image-970\" width=\"518\" height=\"345\" title=\"\" loading=\"lazy\"\/><\/figure><\/div>\n<\/div>\n<\/div><\/div>\n\n\n\n<div class=\"wp-block-uagb-container uagb-block-0fa8dc87 alignfull uagb-is-root-container\"><div class=\"uagb-container-inner-blocks-wrap\">\n<div class=\"wp-block-uagb-container uagb-block-aaa491a8\">\n<div class=\"wp-block-uagb-image uagb-block-95ad5af2 wp-block-uagb-image--layout-default wp-block-uagb-image--effect-static wp-block-uagb-image--align-none\"><figure class=\"wp-block-uagb-image__figure\"><img decoding=\"async\" srcset=\"http:\/\/optimumbilvard.com\/wp-content\/uploads\/2023\/09\/victor-constantinovic-WQZgMQgRrnA-unsplash-1024x576.jpg ,http:\/\/optimumbilvard.com\/wp-content\/uploads\/2023\/09\/victor-constantinovic-WQZgMQgRrnA-unsplash-scaled.jpg 780w, http:\/\/optimumbilvard.com\/wp-content\/uploads\/2023\/09\/victor-constantinovic-WQZgMQgRrnA-unsplash-scaled.jpg 360w\" sizes=\"(max-width: 480px) 150px\" src=\"http:\/\/optimumbilvard.com\/wp-content\/uploads\/2023\/09\/victor-constantinovic-WQZgMQgRrnA-unsplash-1024x576.jpg\" alt=\"\" class=\"uag-image-971\" width=\"1024\" height=\"682\" title=\"\" loading=\"lazy\"\/><\/figure><\/div>\n<\/div>\n\n\n\n<div class=\"wp-block-uagb-container uagb-block-273f62cc\">\n<div class=\"wp-block-uagb-info-box uagb-block-f179cbd3 uagb-infobox__content-wrap  uagb-infobox-icon-above-title uagb-infobox-image-valign-top\"><div class=\"uagb-ifb-content\"><div class=\"uagb-ifb-title-wrap\"><h2 class=\"uagb-ifb-title\">Keramisk med upp till tv\u00e5 \u00e5rs garanti!<\/h2><\/div><p class=\"uagb-ifb-desc\">Helrekonditionering fr. 2490 kr:<br>Stor rekond, polering och vaxning<br><br>Vaxning: fr. 750 kr<br>Polering: fr. 1100 kr<br>Lackf\u00f6rsegling: fr. 1500 kr<\/p><div class=\"uagb-ifb-button-wrapper wp-block-button\"><a href=\"https:\/\/www.timecenter.se\/optimumbilvard\/\" class=\"uagb-infobox-cta-link wp-block-button__link\" target=\"_blank\" rel=\"noopener noreferrer\" onclick=\"return true;\" alt=\"\"><span class=\"uagb-inline-editing\">BOKA H\u00c4R<\/span><\/a><\/div><\/div><\/div>\n<\/div>\n<\/div><\/div>\n\n\n\n<div class=\"is-layout-flex wp-container-7 wp-block-columns has-ast-global-color-5-background-color has-background\">\n<div class=\"is-layout-flow wp-block-column\" style=\"flex-basis:50%\">\n<p class=\"has-text-align-left\">\nKemtv\u00e4tt s\u00e4ten: fr. 300 kr<br>Kemtv\u00e4tt gold: fr. 300 kr<br>Kl\u00e4dseltv\u00e4tt: fr. 400 kr<br>Skinnbehandling: fr. 400 kr<\/p>\n<\/div>\n\n\n\n<div class=\"is-layout-flow wp-block-column\" style=\"flex-basis:50%\">\n<p class=\"has-text-align-left\">Motortv\u00e4tt: 150 kr<br>Bagageluckan: 149 kr<br>Extra d\u00e4cktv\u00e4tt: 100 kr<br>D\u00e4ckbyte: 280 kr<\/p>\n<\/div>\n<\/div>\n\n\n\n<div class=\"wp-block-uagb-container uagb-block-b0efb7ff alignfull uagb-is-root-container\"><div class=\"uagb-container-inner-blocks-wrap\">\n<div class=\"wp-block-uagb-advanced-heading uagb-block-a5245359\"><h2 class=\"uagb-heading-text\"><br><\/h2><\/div>\n<\/div><\/div>\n\n\n\n<p class=\"has-ast-global-color-5-background-color has-background\"><strong>Obs.<\/strong> Samtliga priser avser personbil inkl. moms.<br>\u00d6vrigt: Vi tv\u00e4ttar och polerar \u00e4ven b\u00e5tar, motorcyklar, sl\u00e4pvagnar, h\u00e4sttransportvagnar, van,<br>minibussar, minilastbilar och lastbilar.<br><em>Kostnad enligt \u00f6verenskommelse.<\/em><\/p>\n\n\n\n<div class=\"is-layout-flex wp-container-10 wp-block-columns has-ast-global-color-5-background-color has-background\">\n<div class=\"is-layout-flow wp-block-column\" style=\"flex-basis:50%\"><\/div>\n\n\n\n<div class=\"is-layout-flow wp-block-column\" style=\"flex-basis:50%\">\n<p><strong>Utv\u00e4ndigt: fr. 195 &#8211; 229 kr<\/strong><br>Avfettning, handtvatt, avspolning med<br>h\u00f6gtryck <strong>med torkning.<\/strong><\/p>\n<\/div>\n<\/div>\n\n\n\n<div class=\"is-layout-flex wp-container-13 wp-block-columns has-ast-global-color-5-background-color has-background\">\n<div class=\"is-layout-flow wp-block-column\" style=\"flex-basis:50%\">\n<p><strong>Super utv\u00e4ndigt &amp; asfalt: fr. 295 &#8211; 339 kr<\/strong><br>Avfettning, handtv\u00e4tt, avspolning med<br>f\u00e4lgreng\u00f6ring, handtv\u00e4tt, avspolning med<br>hogtryck.<br>h\u00f6gtryck, <strong>med torkning.<\/strong><\/p>\n\n\n\n<p><\/p>\n<\/div>\n\n\n\n<div class=\"is-layout-flow wp-block-column\" style=\"flex-basis:50%\">\n<p><strong>Utv\u00e4ndigt &amp; inv\u00e4ndigt: fr. 499 &#8211; 549 kr<\/strong><br>Avfettning, handtv\u00e4tt, avspolning med h\u00f6gtryck. <br>Inv\u00e4ndigt: Reng\u00f6ring, dammsugning,<br>d\u00f6rrg\u00e5ngar, f\u00f6nsterputs, mattor, <strong>med torkning.<\/strong><\/p>\n<\/div>\n<\/div>\n\n\n\n<div class=\"is-layout-flex wp-container-16 wp-block-columns has-ast-global-color-5-background-color has-background\">\n<div class=\"is-layout-flow wp-block-column\" style=\"flex-basis:50%\">\n<p><strong>Utv\u00e4ndigt &amp; liten inv\u00e4ndigt: fr. 349 &#8211; 390 kr<\/strong><br>Avfettning, handtv\u00e4tt, avspolning med h\u00f6gtryck, dammsugning, tv\u00e4tt av d\u00f6rrg\u00e5ngar och mattv\u00e4tt, <strong>utan bagageluckan.<\/strong><\/p>\n\n\n\n<p><\/p>\n<\/div>\n\n\n\n<div class=\"is-layout-flow wp-block-column\" style=\"flex-basis:50%\">\n<p><strong>Liten rekond: fr. 649 kr<br><\/strong><\/p>\n\n\n\n<p>Avfettning, insekts- &amp; asfaltsborttagning, schamponering\/handtv\u00e4tt, torkning, inv\u00e4ndig reng\u00f6ring, tv\u00e4ttning av d\u00f6rrg\u00e5ngar, dammsugning, f\u00f6nsterputs<br>och mattor, <strong>utan bagageluckan.<\/strong><\/p>\n<\/div>\n<\/div>\n\n\n\n<div class=\"wp-block-uagb-container uagb-block-b8c409b4 alignfull uagb-is-root-container\"><div class=\"uagb-container-inner-blocks-wrap\">\n<div class=\"wp-block-uagb-container uagb-block-43a95a03\">\n<div class=\"wp-block-uagb-image uagb-block-251dafab wp-block-uagb-image--layout-default wp-block-uagb-image--effect-static wp-block-uagb-image--align-none\"><figure class=\"wp-block-uagb-image__figure\"><img decoding=\"async\" srcset=\"http:\/\/optimumbilvard.com\/wp-content\/uploads\/2023\/09\/victor-constantinovic-WQZgMQgRrnA-unsplash-1024x576.jpg ,http:\/\/optimumbilvard.com\/wp-content\/uploads\/2023\/09\/victor-constantinovic-WQZgMQgRrnA-unsplash-scaled.jpg 780w, http:\/\/optimumbilvard.com\/wp-content\/uploads\/2023\/09\/victor-constantinovic-WQZgMQgRrnA-unsplash-scaled.jpg 360w\" sizes=\"(max-width: 480px) 150px\" src=\"http:\/\/optimumbilvard.com\/wp-content\/uploads\/2023\/09\/victor-constantinovic-WQZgMQgRrnA-unsplash-1024x576.jpg\" alt=\"\" class=\"uag-image-971\" width=\"1024\" height=\"682\" title=\"\" loading=\"lazy\"\/><\/figure><\/div>\n<\/div>\n\n\n\n<div class=\"wp-block-uagb-container uagb-block-05610646\">\n<div class=\"wp-block-uagb-info-box uagb-block-b895adeb uagb-infobox__content-wrap  uagb-infobox-icon-above-title uagb-infobox-image-valign-top\"><div class=\"uagb-ifb-content\"><div class=\"uagb-ifb-title-wrap\"><h2 class=\"uagb-ifb-title\">Stor rekond: fr. 790 kr <\/h2><\/div><p class=\"uagb-ifb-desc\"><strong>Utv\u00e4ndigt:<\/strong> Avfettning, insekts- &amp; asfaltsborttagning, utv\u00e4ndig handtv\u00e4tt med<br>bagageluckan, f\u00e4lgtv\u00e4tt, torkning, justering av lufttryck och<br>motortv\u00e4tt (efter \u00f6nskem\u00e5l).<br><br><strong>Inv\u00e4ndigt:<\/strong> Reng\u00f6ring av insteg &amp; interi\u00f6r, avspolning av l\u00f6stagbara mattor, dammsugning, f\u00f6nsterputs, bagageluckan och fl\u00e4ckborttagning (flyttbara).<br><\/p><div class=\"uagb-ifb-button-wrapper wp-block-button\"><a href=\"https:\/\/www.timecenter.se\/optimumbilvard\/\" class=\"uagb-infobox-cta-link wp-block-button__link\" target=\"_blank\" rel=\"noopener noreferrer\" onclick=\"return true;\" alt=\"\"><span class=\"uagb-inline-editing\">BOKA H\u00c4R<\/span><\/a><\/div><\/div><\/div>\n<\/div>\n<\/div><\/div>\n","protected":false},"excerpt":{"rendered":"<p>PRISLISTA Kemtv\u00e4tt s\u00e4ten: fr. 300 krKemtv\u00e4tt gold: fr. 300 krKl\u00e4dseltv\u00e4tt: fr. 400 krSkinnbehandling: fr. 400 kr Motortv\u00e4tt: 150 krBagageluckan: 149 krExtra d\u00e4cktv\u00e4tt: 100 krD\u00e4ckbyte: 280 kr Obs. Samtliga priser avser personbil inkl. moms.\u00d6vrigt: Vi tv\u00e4ttar och polerar \u00e4ven b\u00e5tar, motorcyklar, sl\u00e4pvagnar, h\u00e4sttransportvagnar, van,minibussar, minilastbilar och lastbilar.Kostnad enligt \u00f6verenskommelse. Utv\u00e4ndigt: fr. 195 &#8211; 229 krAvfettning, handtvatt, &hellip;<\/p>\n<p class=\"read-more\"> <a class=\"\" href=\"http:\/\/optimumbilvard.com\/?page_id=219\"> <span class=\"screen-reader-text\">PRISLISTA<\/span> L\u00e4s mer &raquo;<\/a><\/p>\n","protected":false},"author":1,"featured_media":0,"parent":0,"menu_order":0,"comment_status":"closed","ping_status":"closed","template":"","meta":{"_uag_custom_page_level_css":"","_monsterinsights_skip_tracking":false,"_monsterinsights_sitenote_active":false,"_monsterinsights_sitenote_note":"","_monsterinsights_sitenote_category":0,"site-sidebar-layout":"no-sidebar","site-content-layout":"plain-container","ast-site-content-layout":"normal-width-container","site-content-style":"unboxed","site-sidebar-style":"unboxed","ast-global-header-display":"","ast-banner-title-visibility":"","ast-main-header-display":"","ast-hfb-above-header-display":"","ast-hfb-below-header-display":"","ast-hfb-mobile-header-display":"","site-post-title":"disabled","ast-breadcrumbs-content":"","ast-featured-img":"disabled","footer-sml-layout":"","theme-transparent-header-meta":"enabled","adv-header-id-meta":"","stick-header-meta":"","header-above-stick-meta":"","header-main-stick-meta":"","header-below-stick-meta":"","astra-migrate-meta-layouts":"set"},"uagb_featured_image_src":{"full":false,"thumbnail":false,"medium":false,"medium_large":false,"large":false,"1536x1536":false,"2048x2048":false},"uagb_author_info":{"display_name":"kasemar2003@yahoo.com","author_link":"http:\/\/optimumbilvard.com\/?author=1"},"uagb_comment_info":0,"uagb_excerpt":"PRISLISTA Kemtv\u00e4tt s\u00e4ten: fr. 300 krKemtv\u00e4tt gold: fr. 300 krKl\u00e4dseltv\u00e4tt: fr. 400 krSkinnbehandling: fr. 400 kr Motortv\u00e4tt: 150 krBagageluckan: 149 krExtra d\u00e4cktv\u00e4tt: 100 krD\u00e4ckbyte: 280 kr Obs. Samtliga priser avser personbil inkl. moms.\u00d6vrigt: Vi tv\u00e4ttar och polerar \u00e4ven b\u00e5tar, motorcyklar, sl\u00e4pvagnar, h\u00e4sttransportvagnar, van,minibussar, minilastbilar och lastbilar.Kostnad enligt \u00f6verenskommelse. Utv\u00e4ndigt: fr. 195 &#8211; 229 krAvfettning, handtvatt,&hellip;","_links":{"self":[{"href":"http:\/\/optimumbilvard.com\/index.php?rest_route=\/wp\/v2\/pages\/219"}],"collection":[{"href":"http:\/\/optimumbilvard.com\/index.php?rest_route=\/wp\/v2\/pages"}],"about":[{"href":"http:\/\/optimumbilvard.com\/index.php?rest_route=\/wp\/v2\/types\/page"}],"author":[{"embeddable":true,"href":"http:\/\/optimumbilvard.com\/index.php?rest_route=\/wp\/v2\/users\/1"}],"replies":[{"embeddable":true,"href":"http:\/\/optimumbilvard.com\/index.php?rest_route=%2Fwp%2Fv2%2Fcomments&post=219"}],"version-history":[{"count":6,"href":"http:\/\/optimumbilvard.com\/index.php?rest_route=\/wp\/v2\/pages\/219\/revisions"}],"predecessor-version":[{"id":1617,"href":"http:\/\/optimumbilvard.com\/index.php?rest_route=\/wp\/v2\/pages\/219\/revisions\/1617"}],"wp:attachment":[{"href":"http:\/\/optimumbilvard.com\/index.php?rest_route=%2Fwp%2Fv2%2Fmedia&parent=219"}],"curies":[{"name":"wp","href":"https:\/\/api.w.org\/{rel}","templated":true}]}}